0. Suppose -5*t = -34*t + 58. Suppose -l - o = -j, 4*o - 2*o = t. Is l prime?
False
Let w be (-42536)/(-22) - (-18)/33. Let s = w - -1425. Is s a prime number?
True
Suppose -5*x + 9724 = 4*b, 0*x = 2*b + 4*x - 4868. Let j = b + 2121. Is j a prime number?
True
Suppose 4*w - 81648 = -11*m + 7*m, 2*w - 40828 = 2*m. Is w composite?
True
Let n = -75622 + 117431. Is n a composite number?
False
Let v(a) = 5738*a**3 + 13*a**2 - 2*a - 10. Is v(3) a composite number?
False
Suppose 10*z = z - 147*z + 600132. Is z composite?
False
Let p = 421 - 417. Suppose 0 = -2*n + p, b + 18197 = 4*b + n. Is b composite?
True
Suppose s + 2436 = 4*s. Let v = s - 1463. Let a = -362 - v. Is a a prime number?
False
Let w = 126271 - 2570. Is w prime?
True
Let z be 96/64*(-27424)/(-6). Suppose -7*a + z = 2*f - 5*a, -2*a = -3*f + 10309. Is f prime?
True
Let x be (5/35)/(-1) + (-26)/14. Let y be (1/2 + (-1)/x)*1897. Let b = 2675 - y. Is b prime?
False
Let a(d) = 283*d - 10. Let h(b) = -b + 1. Suppose 7 = -x - 2*v, x - v = -1 + 3. Let c(q) = x*a(q) - 5*h(q). Is c(-3) prime?
True
Let b(h) = -26*h + 156. Let g be b(6). Suppose 22*o - 91718 = -g*o. Is o a composite number?
True
Let m(g) = -g + 10. Let j be m(6). Suppose -10*w - 36 - j = 0. Is -3314*(6/(-8) + w/(-16)) composite?
False
Let u(v) = -3071*v + 31. Let w be u(3). Let i = -3211 - w. Is i prime?
False
Suppose -17*d = 15*d - 1917472. Is d composite?
False
Suppose -112 + 127 = 5*s. Suppose -3*q + 114 = -2*o - 12161, -3*o = s. Is q composite?
False
Let h(r) = r**2 + 3*r - 5. Let t be h(3). Suppose 18*k = t*k + 915. Let v = k + 18. Is v a prime number?
False
Is 159/106 + (-56846)/(-4) a composite number?
True
Let n(y) = -y + 15. Let t be n(6). Suppose a + 2*h + 3 = 0, 2*a + h = -0*a + t. Let d = a + 228. Is d composite?
True
Suppose -373720 - 11470 = 13*u. Let w = u - -50269. Is w composite?
False
Let z(v) = 2*v**2 + v - 1. Let h be z(-1). Suppose 5*f + 25 = h, -2*t = f + 2*f - 3067. Is t a prime number?
False
Is 508166/(-4)*((-4)/(-10))/((-55)/275) a composite number?
False
Let r(v) = -150*v**3 - v - 1. Let y be r(-1). Let c = 128 + y. Suppose 3*a = b - 0*a - 137, 0 = 2*b - 5*a - c. Is b a composite number?
False
Let z be (-19)/133 - (-30)/14. Suppose 4*u + 5*h - 3072 = z*u, 0 = -u + 3*h + 1547. Is u composite?
True
Let p = 118 + 2499. Is p composite?
False
Suppose -440363 = -a - 4*q, 2*q - 9 = -3. Suppose -h - a = -18*h. Is h a composite number?
False
Suppose -g - 2*s - 19 = 0, g - 4*s + 5 = -8. Let w(m) = m**3 + 17*m**2 - 2*m - 28. Let n be w(g). Is ((-7796)/n + 0)/(30/(-45)) prime?
True
Is -11 + (-15398916)/(-13) - (-12)/2 a composite number?
False
Suppose -3*k = -0*z + 5*z + 25, -3*k = -4*z - 20. Suppose -3*g + 10 + 5 = k. Suppose c - 1486 = -3*j, -g*c + 3*c - 507 = -j. Is j composite?
True
Suppose 3*f = c - 0*f - 93, 5 = -5*f. Let b be (-264)/(-45) - (-12)/c. Suppose -5*w = 3*d - 227, d + 99 = 2*w + b. Is w a composite number?
True
Suppose -2*i - 15 = 3*i, -g + 883 = 4*i. Suppose 0 = -2*m + 5*s + 3517, m - 1710 = -3*s + 21. Let p = m - g. Is p a composite number?
True
Let s be 2/(-7) - 6*(-85)/70. Let i(t) = 162*t + 5. Let z be i(s). Let g = -228 + z. Is g a composite number?
False
Let z(h) = 11 + 7*h - 8*h + 7. Let r be z(10). Is (-4)/2*426*(-2)/r prime?
False
Suppose -3*k + 6*k = -g + 59750, -k + 19906 = 3*g. Suppose -k = 8*p - 62630. Is p prime?
False
Let t(i) = 964*i**2 - 957*i + 7. Is t(-6) prime?
False
Let x(i) be the third derivative of -i**6/120 + i**5/15 + i**4/24 - 3*i**3/2 - i**2. Let c be x(3). Is c/(-6) + (-2115)/(-10) a composite number?
False
Suppose -12*v - 5*v - 914145 = -32*v. Is v a prime number?
True
Suppose 10*n - 18 = 7*n. Is ((-20312)/n)/(-2) - (-6)/18 composite?
False
Let l = 131936 - 89427. Is l composite?
False
Let a(t) = 3*t**2 - 29*t - 42. Let k be a(-15). Let b = 1781 - k. Is b composite?
True
Let m = 192312 + -111471. Is m a composite number?
True
Let q(x) = -x**3 - 8*x**2 - 7*x + 3. Let b = 16 + -23. Let o be q(b). Suppose -p - 563 = -4*p + 2*s, -o*p + 588 = 3*s. Is p composite?
False
Let o(l) = 9 + 46*l**3 - 14*l**3 - 7*l**2 + 3*l**2. Is o(4) a prime number?
True
Let x = 16226 - 4479. Is x a prime number?
False
Suppose -34*f - 3*f = -12783907. Is f composite?
False
Let a = -5331 - -10517. Let s = -1699 + a. Is s prime?
False
Suppose j - 42 - 501 = 0. Suppose -i - j = -2*i. Let m = 986 - i. Is m composite?
False
Suppose 24*b = 19*b + 25. Suppose 2*p = 3*w + 234, b*p = -3*w + 177 + 450. Is p a prime number?
False
Suppose -46*z - 336 = -18*z. Is ((-8444)/8)/((-18)/z + -2) a prime number?
True
Let h = -99 + 100. Is 40*3 + (-4 - -2) + h a prime number?
False
Let w be (-3 + 6 + 3)*14/(-4). Is ((-7)/w)/(((-6)/37143)/(-2)) a prime number?
True
Let g be ((-3 + 2)*-1)/((-14)/(-56196)). Suppose 2*z - 163 - 7837 = 5*a, a = -z + g. Let h = 5899 - z. Is h prime?
True
Let h(m) = m**2 - 7*m - 30. Suppose -15*j + 155 = 5. Let k be h(j). Suppose f - 117 - 26 = k. Is f a composite number?
True
Let i(j) = -j - 2. Let m be i(-4). Suppose 10 = m*t + 4*l, 5*t - 37 = -0*t - 4*l. Let u(p) = 50*p - 7. Is u(t) a composite number?
False
Let s(c) = -622*c - 71. Let w be s(9). Is w*(-2)/(-4)*(-6 + 4) prime?
True
Suppose -1 = 6*x - 7. Let f be 56/42*(2 + x/(-2)). Suppose -5*g + 3501 = 4*t, g - 700 = f*t - 3*t. Is g prime?
True
Let v(f) = 2*f**3 + f**2 + 8*f - 5. Suppose 0 = 7*x + 3*x - 230. Suppose 0 = 2*a - 39 + x. Is v(a) a composite number?
True
Let p be 4/((-64)/(-56))*(-40)/(-14). Suppose 4*i + 3*w - 8780 = 0, 0 = 9*w - p*w. Is i a composite number?
True
Suppose 0 = -47*f + 45*f - 2. Is ((1193/(-4))/f)/(6/24) a prime number?
True
Suppose 61*t - 6227747 - 6365520 = 0. Is t prime?
True
Let p(u) = 121*u - 29. Suppose -4*f - f = 180. Let r be (5 + -2)/(f/(-264)). Is p(r) prime?
True
Let l(p) = 83*p**3 - 14*p**2 - 8*p + 62. Let a(j) = 41*j**3 - 7*j**2 - 4*j + 31. Let r(i) = -11*a(i) + 6*l(i). Is r(5) prime?
True
Suppose -2*c = 4*d - 16, 2*c - 6*d + 29 = -d. Suppose 0*g - 18 = 3*g. Is c*2 + (-2172)/g composite?
True
Let a = 103473 - 32540. Is a prime?
False
Let p(r) = 281*r**2 + 113*r + 235. Is p(34) a composite number?
True
Suppose -15 = 2*k + 2*a + a, 2*k + 2*a + 10 = 0. Suppose k = -5*w, -w + 9 + 21 = 5*x. Is ((-3)/x*1139)/((-1)/2) a composite number?
True
Let o(q) = -q + 1. Let g(x) = -x**3 + 16*x**2 - 11*x + 5. Let m(w) = -g(w) - 5*o(w). Let l be m(15). Suppose 785 = -l*j + 3850. Is j a prime number?
True
Let n be -7 + (8 - (-1 + 4)). Let a be ((-1618)/(-4))/(1/2). Is a - (-3 - n - -1) a prime number?
True
Suppose 0 = -3*i + c + 797, -5*c - 15 = -2*c. Let t be 4156/(-11) + (-48)/i. Let a = 745 + t. Is a a prime number?
True
Let u be ((-14)/(-4))/(42/24). Suppose 4*o - 3687 = -d, -4*d = -3*o - u*d + 2768. Is o prime?
False
Let g(z) be the second derivative of z**5/5 - z**4/12 - 3*z**3/2 - 3*z**2/2 - z. Let k be 1/(-8 - (0 + (-198)/24)). Is g(k) a composite number?
True
Suppose -9 + 7 = -r. Let y be 1 + -2 - ((-14)/r + 3). Suppose 0*b = -y*b + 381. Is b a prime number?
True
Suppose 0 = 17*w - 138139 + 37805. Let z = w - 1701. Is z a prime number?
True
Suppose -4*s + s + 8 = -c, -5*s + 8 = -3*c. Suppose h + 0*h - c*z = 679, -5*h + 3395 = -3*z. Is h a composite number?
True
Let b = -36696 - -220393. Is b a prime number?
True
Suppose 4*z + 3*x + 0*x + 12 = 0, -4*z = -5*x + 44. Let g(v) = v**2 - 3. Let i(f) = -10*f**2 - 11*f + 13. Let s(o) = -2*g(o) - i(o). Is s(z) a prime number?
False
Let s be 94*(2 - -39) + 5 + -9. Suppose 3*a - 5757 = -3*v, 2*v - s = -12*a + 16*a. Is v composite?
True
Let w(y) = -17708*y + 1543. Is w(-6) prime?
True
Let m(d) = -204*d - 14. Let o be m(-7). Let t = o - -1975. Is t a prime number?
True
Suppose -1640*a + 260660 = -1620*a. Is a a prime number?
True
Let x(y) = 11*y**3 - 10*y**2 + 24*y - 37. Is x(8) a prime number?
True
Let o(u) = -u**3 - 70*u**2 + 55*u + 4151. Is o(-85) a prime number?
False
Suppose 3*g = 5*j - 0*g - 79, 26 = j - 4*g. Suppose -4*r = -c - j, 3*r + 2*c - 7 = c. Is 2 + (-7)/r + 2416/12 prime?
False
Let n = -1755 - -1175. Let w = -906 + 577. Let p = w - n. Is p composite?
False
Suppose 58*g - 46626700 - 52819339 + 9890733 = 0. Is g a composite number?
True
Let g be 9 + (20 - 0)/(-4) - 4. Suppose g = -q - 3*x + 932, 0 = q - 3*q - 4*x + 1858. Is q prime?
False
Let g be (-115